- 106 = s. Is s prime?
True
Let c = -391 + 845. Is 5/(-4)*(2 - c) prime?
False
Suppose -21 + 5 = -4*m, 5*m - 1527 = -q. Is q a composite number?
True
Let y(r) = -13*r + 2 - r**2 + 12*r + 186*r**3 - 1. Is y(1) a prime number?
False
Suppose 134 = 3*c - r, 4*c + r = 5*c - 42. Suppose -c*y - 158 = -48*y. Is y a composite number?
False
Let t(b) = -13*b**3 + 2*b**2 - 5*b + 7. Let h(z) = 14*z**3 + 6*z + 19*z**2 - 7*z**2 - 15*z**2 - 8. Let f(x) = 5*h(x) + 6*t(x). Is f(-3) a composite number?
False
Let f(v) = -v**3 - 8*v**2 - 5*v - 7. Let k be f(-7). Let a be ((-4)/6 - 0)*k. Let r = 29 + a. Is r a prime number?
True
Let a(p) be the first derivative of -2*p**4 - p**3/3 + 3*p**2/2 + 7*p - 3. Is a(-5) a prime number?
True
Suppose -k + 8*k - 49 = 0. Suppose k*n = 12*n - 6735. Is n composite?
True
Let c = 422 - 221. Is c composite?
True
Let s(h) = -3*h**3 - 4*h**2 - h + 4. Let y be s(-2). Suppose y*k - 6*k - 27112 = 0. Is k composite?
False
Suppose -6 = -2*s - 0, 3*h - 13914 = -s. Is h composite?
False
Let b be (5 - 0)/((-5 + 6)/1). Suppose -t + b*u + 1097 = u, -3*t + 3263 = -5*u. Is t a composite number?
True
Is (-367 - 0)/(4*16/(-3776)) a composite number?
True
Let w = 835 + -447. Let d = -134 + w. Is d a composite number?
True
Suppose 0 = 2*h + 8, -8*h = -2*g - 4*h + 8438. Is g a prime number?
True
Let u(o) = -2*o + 71. Let v(z) = -z**2 - 6*z. Let y be v(-6). Is u(y) composite?
False
Suppose 3*m - 38 = 4*y, 0 = 2*y - 3*m - 4 + 26. Let z be (-20)/y*(-36)/10. Is (15/z + 2)*633 a prime number?
True
Let t(q) = -7*q**2 + 14*q + 4. Let m(w) = -w. Let g(c) = -6*m(c) + t(c). Let o(n) = 8*n**2 - 21*n - 5. Let l(d) = -6*g(d) - 5*o(d). Is l(10) a composite number?
True
Let u = 5782 + 5529. Is u prime?
True
Let z(i) = -i**3 - 17*i**2 - 2*i + 3. Let f be (-38 + 3 - 2) + 3. Let v be 2/(72/f + 2). Is z(v) prime?
True
Suppose 54735 = -7*b + 22*b. Is b a composite number?
True
Suppose 0 = -4*u - 4*y - 32596 + 124260, 3*y = -3. Is u prime?
False
Let l = -2850 + 4681. Is l prime?
True
Suppose -8721 = -3*d + 3*p, 0 = -d - p + 2143 + 772. Is d a prime number?
False
Let g(v) = -33*v - 8. Let h be (33/(-2))/(1/26). Let k be h/91 - 2/7. Is g(k) a composite number?
False
Is ((-8)/3 + 1)/(122/(-531798)) a composite number?
True
Let n(i) = -i**2 - i + 38. Let c(f) be the first derivative of f**4/4 - f**3/3 - f**2/2 + f - 5. Let k be c(1). Is n(k) composite?
True
Is (-17878)/5*((-750)/(-20))/(-15) a composite number?
True
Suppose 7*a - 4*a + 6702 = y, 13404 = 2*y - 4*a. Suppose 10*i = 4*i + y. Is i a prime number?
True
Is 47/(-235) + 48/(-10) - -217032 composite?
False
Let s be ((-20)/(-3) - 0)*-132. Let u = s + 1935. Let a = -382 + u. Is a a prime number?
True
Suppose -v + 21 = -6*v + 2*d, -4*v - 3*d - 26 = 0. Let p be ((-100)/(-12))/v*-3. Suppose 427 - 42 = p*r. Is r composite?
True
Suppose -2*o = -a + 418 + 427, -3371 = -4*a + 5*o. Is a prime?
True
Let k(z) = -113*z - 12. Let o be k(-6). Let w = -331 + o. Is w prime?
False
Suppose 4867 = -4*c - 5. Let b = c - -2421. Is b composite?
True
Suppose -2*b + 12 = 2*b. Let d be (b/2)/(9/1176). Let g = d + -117. Is g composite?
False
Suppose 3*j = -4*s - 4106, -3*s - s - 4114 = -j. Is s/(-8)*(-3 + 5) a prime number?
True
Suppose 20*n - 88977 = -n. Is n prime?
False
Let l(i) = -i**3 - 31*i**2 - i - 64. Is l(-35) a composite number?
False
Let n(h) = 72*h**2 - 3*h - 4. Let o(b) = 360*b**2 - 14*b - 21. Let q(z) = 11*n(z) - 2*o(z). Is q(3) prime?
True
Is (-5 - 4 - -24417) + 5*-1 composite?
True
Suppose -l + 18 = -u - 3*l, 5*u - 2*l + 66 = 0. Let b(o) = 45*o + 21. Let h(z) = -23*z - 10. Let x(r) = -3*b(r) - 5*h(r). Is x(u) a prime number?
False
Is 6 + (-10)/5*8444/(-8) a prime number?
False
Let n(u) = 8*u**2 + 30*u - 29. Is n(-22) composite?
True
Let u(l) = 9*l**2 + 6*l - 3. Let g = -27 + 24. Let f be u(g). Let b = f - 27. Is b prime?
False
Suppose -24351 = -62*z + 33991. Is z a composite number?
False
Let a(i) = -4*i**3 + 15*i**2 - 7*i + 7. Let x(z) = -3*z**3 + 14*z**2 - 8*z + 7. Let q(k) = -4*a(k) + 5*x(k). Is q(-10) a prime number?
True
Let h(p) = -p + 9. Let o be h(6). Suppose -1887 = -o*u - 546. Is u a composite number?
True
Suppose 3*l - y = -3*y + 910, -3*y - 624 = -2*l. Suppose 3*i + 9 + 3 = 0, -w + 5*i + 40 = 0. Let j = w + l. Is j prime?
False
Let k(b) = 322*b + 25. Let p be k(-6). Let o = p - -2946. Suppose -1007 = -6*a + o. Is a a prime number?
False
Let y be 370/16 + 13/(-104). Suppose 0 = -y*r + 6*r + 9469. Is r a prime number?
True
Let g(b) = 9*b**2 - 7*b + 7. Suppose -x - 5*u = -1, x - 4*u = 6*x - 26. Is g(x) composite?
True
Suppose -r + 2 + 1 = 0. Suppose 368 = r*i - 79. Is i a prime number?
True
Is -5 + 1 + 2895 - -2 a prime number?
False
Let q = -43 - -51. Suppose 4323 = q*k + 1163. Is k prime?
False
Let t(d) = 63*d - 3. Let w be t(4). Suppose 0 = 5*h + z - 257, 7*h - w = 2*h + 3*z. Is h composite?
True
Suppose 29*p - 11*p - 486 = 0. Suppose 16 = w - 33. Let s = w - p. Is s a prime number?
False
Suppose 0 = 67*c - 72*c + 2*d + 33559, -4*c = 5*d - 26834. Is c a prime number?
False
Let o = 359 - 270. Is o a composite number?
False
Let u be (0 - 701*-2)*-1. Let j = 313 - 1300. Let m = j - u. Is m composite?
True
Suppose -20*z = -24*z - 532. Let n = z - -528. Is n composite?
True
Suppose j + 5*y - 3*y - 692 = 0, 0 = -2*j + 2*y + 1372. Let d = 1433 - j. Is d a prime number?
False
Suppose 2*d - 25 = -3*d. Is (-43232)/(-42) - d/(-3) prime?
True
Let a(r) = -r**2 + 5*r - 1. Let m be a(4). Suppose 5*f - 21 = -4*g, g + 29 = -m*g + 5*f. Is g/((-3)/999) + 4 composite?
False
Let f(o) = -o**3 + 6*o**2 - 4*o - 4. Let u be f(5). Let w be -1*(u - 2) + 171. Suppose -5*b + w = -618. Is b a composite number?
True
Let o(q) = 25*q + 66. Is o(4) prime?
False
Suppose 11*o = 6*o + 15. Is 4 + (-1 - o) + 55 a prime number?
False
Let v(h) = 4*h + 50. Let p be v(-12). Suppose -5*f = -w + 2384, f = -5*w - p*f + 11836. Is w a prime number?
False
Is (4 + 55/(-10))/((-2)/35548) prime?
False
Let j(k) = -11*k + 1 - 2 - 475*k. Is j(-1) prime?
False
Let y(m) be the third derivative of m**5/10 - m**3/6 + 2*m**2. Let b be y(-1). Suppose 5*j - 102 = -q, -b*q + 4*j - 145 + 800 = 0. Is q composite?
False
Let d(v) = -9*v**3 - 18*v**2 + 12*v - 1. Is d(-8) a prime number?
True
Is ((-4)/(-24))/(27/8788662) a composite number?
False
Let d = -1088 + 2040. Let m = d + 1095. Is m a composite number?
True
Suppose 5*o - 111979 = -3*h + 22828, 3*o - 5*h - 80857 = 0. Is o a prime number?
True
Let c = -17910 + 31855. Is c a prime number?
False
Suppose 0 = -4*h - 18131 + 74679. Is h prime?
False
Let n(p) = p - 12. Let m be n(11). Let z(b) = b**3 - 2*b**2 + 1. Let k be z(-1). Is -37*(3 + k)*m a prime number?
True
Let h(i) = 22*i**2 + 58*i - 17. Is h(23) a composite number?
True
Let w = 18 + -20. Let g(b) = -3*b**2 + b - 6. Let y(t) = 16*t**2 - 4*t + 31. Let d(h) = w*y(h) - 11*g(h). Is d(-6) a prime number?
False
Let a(y) = -37*y - 35. Let f(g) = -g**2 + 9*g + 10. Let d be f(11). Is a(d) a prime number?
True
Let p = 147 + -20. Is p composite?
False
Let a(z) = 11*z**2 + 20*z + 14. Is a(-10) a composite number?
True
Suppose 13460 = -26*b + 30*b. Is b prime?
False
Let t(d) = 68*d - 69. Let v(o) = 66*o - 70. Let w(x) = -5*t(x) + 6*v(x). Is w(11) composite?
False
Suppose -2*j = w - 0*w - 79, w = 4*j + 55. Let i be -2 + -3 + 5*738/45. Suppose i = 4*y - w. Is y a composite number?
False
Is 8 - 29*(-29 + -2) prime?
True
Let p = -72 + 75. Suppose -2*t + 5686 = p*a - 8*a, 5*a - 11312 = -4*t. Is t composite?
False
Let g be (-2)/((-528)/267 - -2). Let d = -26 - g. Let z = 262 - d. Is z a composite number?
False
Suppose 16 = -y - 2*y - p, -24 = 5*y + 3*p. Let w be (375/y)/((-6)/24). Suppose -u = -w - 199. Is u a composite number?
False
Suppose 17 = -6*i + 95. Suppose -i*p + 11*p = -102. Is p a composite number?
True
Suppose -4*m - 16 = 2*x, -2*x - m = -1 + 5. Let k(u) = -1 + u + 3*u + 316*u**2 - 6*u + x*u. Is k(-1) a prime number?
True
Is 5 + -6 + 8 + 5620 a composite number?
True
Let i be 5 - (2 - 3/(-9)*-3). Suppose 3*x - 3832 + 1487 = i*p, 4*x - 4*p = 3132. Is x prime?
True
Suppose 5*d - 16377 = 27308. Is d a prime number?
True
Let x = 10 - 6. Let v(l) = 2*l**3 - 3*l + 2. Let t be v(5). Suppose t = x*q + 89. Is q prime?
True
Suppose -399 = -5*i - 12*o + 14*o, 5*o - 148 = -2*i. Is i prime